8).
5
Let x(r) = 3*r**2 - 45*r + 134. Calculate x(4).
2
Let m(p) = p**3 - 28*p**2 - 26*p - 95. Calculate m(29).
-8
Let j(u) = -2*u + 68. Determine j(23).
22
Let h(x) = -x**3 - 9*x**2 - 3*x - 6. Determine h(-8).
-46
Let y(a) = -a**2 + 8*a - 4. Give y(5).
11
Let r(z) = z**2 - 11. What is r(-3)?
-2
Let r(y) = y**3 - y**2 - 14*y + 8. What is r(5)?
38
Let a(h) = -h**2 - h + 2. Give a(0).
2
Let k(a) = -5*a**2 + 4*a + 5. Give k(4).
-59
Let g(s) = -2*s**2 + 6*s + 59. Determine g(7).
3
Let m(d) = -d**3 + 15*d**2 - 10*d + 15. Calculate m(14).
71
Let h(a) = a**3 + 11*a**2 - 19*a - 45. What is h(-12)?
39
Let a(i) = 2*i**3 - 20*i**2 - 48*i - 1. Give a(12).
-1
Let s(o) = -o**2 + 24*o - 14. Determine s(9).
121
Let f(x) = -6*x + 78. Calculate f(14).
-6
Let i(g) = 4*g + 21. Calculate i(-5).
1
Let u(a) = -5*a + 15. Give u(5).
-10
Let i(c) = -2*c. Give i(-4).
8
Let j(b) = 20*b + 8. Calculate j(-1).
-12
Let m(g) = g**3 - 15*g**2 - 44. What is m(15)?
-44
Let y(c) = -2*c + 4. Determine y(8).
-12
Let c(w) = w**2 + 11*w + 11. What is c(-9)?
-7
Let l(o) = 4*o - 7. Determine l(-4).
-23
Let n(g) = -g + 1. Give n(-2).
3
Let j(n) = 2*n**2 - 37*n + 41. What is j(17)?
-10
Let x(j) = -j**3 - 9*j**2 + 28*j + 32. Give x(-11).
-34
Let g(i) = i**3 - 6*i**2 + 6*i - 3. What is g(5)?
2
Let s(d) = -d**2 + 4*d - 5. Calculate s(4).
-5
Let k(x) = 2*x - 18. What is k(11)?
4
Let q(m) = 43*m - 152. What is q(5)?
63
Let i(n) = -2*n**3 + 15*n**2 - 3*n - 32. What is i(7)?
-4
Let x(n) = -n**2 - 31*n - 5. What is x(-31)?
-5
Let p(l) = -l**2 + l + 4. Determine p(3).
-2
Let q(v) = -v**3 - 8*v**2 - 9*v - 10. Determine q(-8).
62
Let k(x) = 2*x**2 - 5*x + 36. Calculate k(7).
99
Let d(k) = -k**3 + 5*k**2 - 9*k - 1. Give d(5).
-46
Let a(p) = p**3 - 2*p**2 + 22. Calculate a(0).
22
Let t(y) = -y**2 + 15*y - 28. What is t(3)?
8
Let d(x) = -4*x - 13. Calculate d(-6).
11
Let m(w) = w**3 - 21*w**2 + 21*w - 20. Give m(20).
0
Let x(l) = -10*l + 57. Give x(6).
-3
Let m(t) = -2*t + 8. Determine m(-7).
22
Let i(m) = -m**3 - 11*m**2 - 22*m - 31. Give i(-9).
5
Let b(h) = 106*h - 2. What is b(1)?
104
Let s(v) = v**3 + 12*v**2 - 11*v + 16. Calculate s(-13).
-10
Let w(j) = j**3 - 5*j**2 - 6*j + 7. Give w(6).
7
Let o(c) = c**2 - 40. Give o(6).
-4
Let k(j) = -j**2 - 13*j - 5. Give k(-12).
7
Let k(o) = o**3 - 5*o**2 - 9*o + 7. Determine k(6).
-11
Let z(a) = -a**2 + 14*a - 37. Give z(6).
11
Let z(k) = k - 18. Determine z(12).
-6
Let p(h) = -6*h**3 + h**2 - 1. Determine p(1).
-6
Let r(g) = g**3 + 5*g**2 - 6*g + 7. Determine r(-6).
7
Let v(i) = 33*i + 25. Give v(-1).
-8
Let x(m) = -2*m**2 - 24*m - 1. Determine x(-12).
-1
Let i(b) = -111*b + 213. Calculate i(2).
-9
Let j(k) = -k + 1. What is j(-5)?
6
Let a(d) = d**3 - 14*d**2 - 15. Give a(14).
-15
Let k(a) = 3*a - 20. Give k(4).
-8
Let s(r) = 24*r**2. What is s(-1)?
24
Let w(m) = -m**2 + 9*m - 2. Give w(6).
16
Let f(l) = -5*l - 13. Calculate f(-1).
-8
Let k(n) = 5*n**3 - n**2 - 7*n + 9. Determine k(3).
114
Let s(g) = 6*g + 36. Calculate s(-10).
-24
Let x(j) = 3*j + 6. Determine x(8).
30
Let q(s) = -9*s**2 + 70*s + 6. Calculate q(8).
-10
Let z(c) = c**3 + 21*c**2 - 21*c + 29. Determine z(-22).
7
Let w(k) = -8*k - 50. Give w(-7).
6
Let v(d) = -d**2 - 9*d - 7. Calculate v(-7).
7
Let n(r) = 2*r**3 + 51*r**2 - 25*r + 22. Calculate n(-26).
-4
Let d(m) = -4*m**3 - m**2 + 1. Determine d(2).
-35
Let f(t) = -t**3 - 6*t**2 + 8*t - 9. Determine f(-8).
55
Let s(v) = v**3 + 30*v**2 - 29*v + 65. Determine s(-31).
3
Let z(l) = -3*l**2 + 29*l + 9. Give z(10).
-1
Let v(i) = -17*i + 11. Determine v(1).
-6
Let x(w) = -w**2 + 9*w - 3. Give x(12).
-39
Let k(u) = -u**3 + 12*u**2 - 14*u + 16. Determine k(11).
-17
Let z(r) = r - 6. Determine z(-7).
-13
Let u(m) = -7*m**2 + 4*m - 3. What is u(3)?
-54
Let t(q) = -q**2 - 6*q - 1. Calculate t(-6).
-1
Let d(o) = -o - 4. What is d(5)?
-9
Let k(h) = 10*h + 94. Determine k(-15).
-56
Let p(y) = -y**2 + 9*y - 12. Give p(6).
6
Let t(y) = -y**3 - 7*y**2 + y + 12. What is t(-7)?
5
Let b(s) = -s + 3. What is b(7)?
-4
Let j(f) = -5*f. Determine j(-1).
5
Let b(c) = c**3 - 2*c**2 - 5*c - 2. Determine b(4).
10
Let v(a) = -a**3 - 10*a**2 - 3*a + 13. What is v(-9)?
-41
Let d(x) = x**3 - 7*x**2 - 9*x - 7. Determine d(8).
-15
Let g(z) = -z**2 - z + 12. Determine g(-4).
0
Let r(v) = -v. Determine r(4).
-4
Let k(v) = v**2 - 220*v - 1584. Calculate k(-7).
5
Let j(h) = -13*h**3 + 2*h - 1. Calculate j(1).
-12
Let v(p) = -3*p + 14. Calculate v(3).
5
Let s(b) = 3*b**2 + 16*b + 5. What is s(-7)?
40
Let a(s) = 4*s**2 - 64*s - 1. Calculate a(16).
-1
Let z(q) = -14*q + 6. Determine z(5).
-64
Let g(m) = -10*m**3 - m**2 + 2*m - 1. Give g(1).
-10
Let s(u) = -u**3 - 20*u**2 - 21*u - 18. Determine s(-19).
20
Let c(b) = -3*b - 50. Calculate c(11).
-83
Let s(x) = 5*x + 5. What is s(1)?
10
Let w(f) = f + 11. Give w(8).
19
Let y(b) = -b**3 + 12*b**2 - 17*b + 10. What is y(11)?
-56
Let l(x) = -4*x - 113. Give l(-21).
-29
Let m(o) = o**2 - 6*o + 2. Calculate m(6).
2
Let m(y) = y**2 + 9*y + 9. What is m(-5)?
-11
Let h(p) = -7*p. Calculate h(3).
-21
Let g(i) = 3*i - 8. Determine g(-5).
-23
Let t(q) = -q + 8. What is t(11)?
-3
Let p(m) = -12*m + 41. What is p(11)?
-91
Let o(x) = x - 3. What is o(-15)?
-18
Let k(z) = -11*z - 56. What is k(-5)?
-1
Let c(f) = 2*f**3 - 16*f**2 - 20*f + 5. Calculate c(9).
-13
Let q(y) = -29*y + 5. What is q(-1)?
34
Let a(w) = -15*w - 19. What is a(-3)?
26
Let u(y) = -y**2 - 18*y - 73. What is u(-6)?
-1
Let v(y) = -2*y**2 - 5*y + 1. Give v(-4).
-11
Let r(l) = 2*l**2 + 11*l + 6. What is r(-8)?
46
Let f(b) = -6*b**2 + 4*b + 4. What is f(-3)?
-62
Let h(w) = w**3 - 8*w**2 + 7*w - 15. Determine h(7).
-15
Let u(g) = 2*g**2 + 8*g - 26. What is u(-8)?
38
Let p(x) = -x**2 - 11*x - 9. What is p(-9)?
9
Let a(q) = 121*q - 354. Calculate a(3).
9
Let z(l) = -7*l - 31. Determine z(-5).
4
Let k(n) = -n**2 - 3*n + 6. Calculate k(3).
-12
Let z(f) = 6*f**2 - 2*f + 2. Give z(1).
6
Let i(m) = -m**2 - 26*m + 60. Give i(-28).
4
Let d(o) = -34*o**3 - o**2 - o - 1. Determine d(-1).
33
Let m(h) = -4*h + 11. Give m(4).
-5
Let b(l) = 2*l + 5. What is b(0)?
5
Let d(h) = h**2 + 42*h + 268. Calculate d(-33).
-29
Let w(k) = 2*k - 17. What is w(13)?
9
Let a(u) = 4*u**2 - 1. Determine a(-1).
3
Let k(v) = -v**3 + 8*v**2 - 9*v - 39. Give k(7).
-53
Let v(x) = 2*x + 11. Give v(-5).
1
Let u(w) = w**3 - 13*w**2 + 5*w - 3. Determine u(13).
62
Let a(h) = h**3 - 20*h**2 - 45*h - 14. Calculate a(22).
-36
Let g(z) = z**3 + z**2 - 6. What is g(0)?
-6
Let s(h) = 3*h**3 - 5*h - 4. Calculate s(-2).
-18
Let o(a) = a**3 - 21*a**2 + a - 17. What is o(21)?
4
Let y(t) = t**3 + 10*t**2 + 13*t - 19. Calculate y(-8).
5
Let w(o) = 4*o**2 - 11*o - 11. Determine w(-4).
97
Let r(f) = -f**2 - 3*f + 183. Give r(12).
3
Let z(d) = -d**2 + 16*d - 13. Give z(15).
2
Let u(y) = -y**2 - 2*y + 75. Determine u(-10).
-5
Let m(u) = -u**3 + 8*u**2 - 8*u + 2. Determine m(7).
-5
Let k(d) = 3*d - 139. What is k(44)?
-7
Let k(l) = -l**3 + 4*l**2 + l + 1. Give k(4).
5
Let a(h) = -h**3 - 2*h**2 + 2*h + 33. Calculate a(0).
33
Let d(y) = 2*y**3 + 68*y**2 - 5*y - 168. Determine d(-34).
2
Let z(q) = q**3 + 16*q**2 + 18*q + 9. Determine z(-15).
-36
Let u(q) = -8*q - 4. What is u(-2)?
12
Let p(f) = -7*f**2 - 3*f - 2. Give p(-1).
-6
Let v(c) = 71*c - 2. Calculate v(-1).
-73
Let u(g) = -6*g**2 + 7*g + 15. Determine u(-2).
-23
Let t(p) = -2*p**2 - 4*p - 5. What is t(-4)?
-21
Let o(g) = 20*g + 12. Give o(3).
72
Let i(g) = g**3 - 8. Give i(0).
-8
Let v(c) = -c**3 + 7*c**2 + 11*c - 12. What is v(7)?
65
Let o(f) = 2*f**3 + 8*f**2 + 6*f + 8. Give o(-5).
-72
Let o(n) = -n**3 - n**2 + 9*n - 7. Determine o(3).
-16
Let t(u) = -8*u + 50. Give t(6).
2
Let h(m) = 6*m + 79. Calculate h(-14).
-5
Let p(a) = -a**3 - 13*a**2 - 7. Calculate p(-13).
-7
Let t(a) = 6*a + 60. Determine t(-10).
0
Let k(p) = -p**3 - 3*p**2 + 22*p + 20. Calculate k(-6).
-4
Let d(a) = 2*a - 4. Determine d(8).
12
Let o(j) = -125*j - 879. What is o(-7)?
-4
Let k(s) = -2*s**2 + 5*s - 4. Give k(4).
-16
Let g(v) = 6*v - 11. Determine g(-11).
-77
Let v(n) = -n**3 + n + 7. Calculate v(3).
-17
Let i(a) = a**3 + 8*a**2 + 13*a + 11. Determine i(-6).
5
Let r(a) = -5*a - 5. What is r(5)?
-30
Let p(h) = 2*h + 4. Calculate p(-4).
-4
Let o(q) = -q**3 + 7*q**2 - 2*q - 7. Calculate o(6).
17
Let i(v) = -v**3 